e remainder when 506 is divided by 475.
31
What is the remainder when 1068 is divided by 27?
15
Calculate the remainder when 26968 is divided by 27.
22
What is the remainder when 13537 is divided by 4487?
76
Calculate the remainder when 90985 is divided by 97.
96
Calculate the remainder when 583517 is divided by 80.
77
What is the remainder when 16405 is divided by 88?
37
Calculate the remainder when 600 is divided by 332.
268
What is the remainder when 125582 is divided by 41?
40
What is the remainder when 27866 is divided by 84?
62
Calculate the remainder when 649243 is divided by 1139.
13
Calculate the remainder when 1878521 is divided by 1035.
1031
What is the remainder when 406922 is divided by 20346?
2
What is the remainder when 13076 is divided by 1632?
20
Calculate the remainder when 2451607 is divided by 817200.
7
Calculate the remainder when 4612 is divided by 39.
10
What is the remainder when 7014 is divided by 149?
11
What is the remainder when 12053 is divided by 5872?
309
Calculate the remainder when 525 is divided by 226.
73
What is the remainder when 117161 is divided by 73?
69
Calculate the remainder when 7115 is divided by 840.
395
Calculate the remainder when 19778 is divided by 314.
310
Calculate the remainder when 85 is divided by 80.
5
What is the remainder when 28980 is divided by 170?
80
What is the remainder when 3435778 is divided by 30?
28
Calculate the remainder when 1055 is divided by 77.
54
What is the remainder when 42348 is divided by 5?
3
What is the remainder when 10967 is divided by 344?
303
Calculate the remainder when 176 is divided by 68.
40
What is the remainder when 50731 is divided by 725?
706
Calculate the remainder when 23094 is divided by 111.
6
What is the remainder when 250838 is divided by 62708?
6
Calculate the remainder when 6578 is divided by 2190.
8
What is the remainder when 26790 is divided by 13?
10
Calculate the remainder when 41058 is divided by 56.
10
Calculate the remainder when 6985 is divided by 350.
335
What is the remainder when 54053 is divided by 6756?
5
What is the remainder when 2502897 is divided by 30?
27
Calculate the remainder when 2215 is divided by 26.
5
What is the remainder when 28739 is divided by 41?
39
Calculate the remainder when 29804 is divided by 58.
50
What is the remainder when 430269 is divided by 108?
105
Calculate the remainder when 859917 is divided by 365.
342
What is the remainder when 2576 is divided by 55?
46
What is the remainder when 770410 is divided by 33?
25
Calculate the remainder when 15248 is divided by 125.
123
What is the remainder when 7360 is divided by 3612?
136
Calculate the remainder when 186165 is divided by 122.
115
Calculate the remainder when 472154 is divided by 472147.
7
Calculate the remainder when 153647 is divided by 25.
22
Calculate the remainder when 526705 is divided by 13.
10
What is the remainder when 4680 is divided by 248?
216
What is the remainder when 2214785 is divided by 313?
310
What is the remainder when 19304 is divided by 4824?
8
What is the remainder when 28364 is divided by 2363?
8
Calculate the remainder when 215224 is divided by 33.
31
Calculate the remainder when 9277 is divided by 3074.
55
What is the remainder when 16748 is divided by 1531?
1438
Calculate the remainder when 735617 is divided by 78.
77
What is the remainder when 3170 is divided by 1032?
74
Calculate the remainder when 1753 is divided by 871.
11
Calculate the remainder when 20183 is divided by 20163.
20
Calculate the remainder when 120867 is divided by 153.
150
Calculate the remainder when 16361 is divided by 48.
41
Calculate the remainder when 56270 is divided by 18752.
14
What is the remainder when 927626 is divided by 111?
110
Calculate the remainder when 172021 is divided by 2493.
4
Calculate the remainder when 301 is divided by 119.
63
Calculate the remainder when 36878 is divided by 23.
9
Calculate the remainder when 1707 is divided by 143.
134
What is the remainder when 10775 is divided by 978?
17
Calculate the remainder when 3505 is divided by 392.
369
Calculate the remainder when 42913 is divided by 311.
306
What is the remainder when 4506 is divided by 17?
1
Calculate the remainder when 3940 is divided by 650.
40
Calculate the remainder when 8724 is divided by 4212.
300
What is the remainder when 15496 is divided by 11?
8
Calculate the remainder when 477339 is divided by 1530.
1509
What is the remainder when 594072 is divided by 445?
442
Calculate the remainder when 6543 is divided by 654.
3
What is the remainder when 5334 is divided by 583?
87
Calculate the remainder when 10423 is divided by 412.
123
What is the remainder when 1371193 is divided by 400?
393
Calculate the remainder when 23449 is divided by 182.
153
Calculate the remainder when 32185 is divided by 204.
157
Calculate the remainder when 10505 is divided by 1035.
155
What is the remainder when 104007 is divided by 8?
7
What is the remainder when 4441058 is divided by 620?
618
Calculate the remainder when 4841 is divided by 371.
18
What is the remainder when 142930 is divided by 1051?
1045
What is the remainder when 196854 is divided by 28?
14
What is the remainder when 19774 is divided by 15?
4
What is the remainder when 46731 is divided by 429?
399
What is the remainder when 269647 is divided by 7704?
7
What is the remainder when 25591 is divided by 1394?
499
What is the remainder when 71098 is divided by 50?
48
What is the remainder when 309302 is divided by 309?
302
Calculate the remainder when 38046 is divided by 10.
6
Calculate the remainder when 9751 is divided by 95.
61
Calculate the remainder when 94994 is divided by 669.
665
What is the remainder when 45856 is divided by 22919?
18
Calculate the remainder when 81111 is divided by 125.
111
Calculate the remainder when 2308 is divided by 1960.
348
Calculate the remainder when 1673837 is divided by 122.
119
What is the remainder when 117469 is divided by 39153?
10
What is the remainder when 22294 is divided by 65?
64
Calculate the remainder when 6143421 is divided by 24.
21
Calculate the remainder when 577 is divided by 64.
1
Calculate the remainder when 51796 is divided by 56.
52
What is the remainder when 1130 is divided by 499?
132
What is the remainder when 28946 is divided by 14465?
16
What is the remainder when 3284 is divided by 33?
17
What is the remainder when 146762 is divided by 197?
194
What is the remainder when 45862 is divided by 11461?
18
What is the remainder when 7775 is divided by 2592?
2591
What is the remainder when 161360 is divided by 23?
15
What is the remainder when 8774 is divided by 8712?
62
What is the remainder when 20837 is divided by 151?
150
What is the remainder when 317 is divided by 284?
33
What is the remainder when 16563 is divided by 385?
8
Calculate the remainder when 641404 is divided by 13.
10
Calculate the remainder when 398025 is divided by 66.
45
Calculate the remainder when 45608 is divided by 563.
5
What is the remainder when 9790 is divided by 67?
8
Calculate the remainder when 125359 is divided by 337.
332
What is the remainder when 3405 is divided by 1669?
67
What is the remainder when 8013 is divided by 65?
18
What is the remainder when 2397 is divided by 71?
54
What is the remainder when 7849 is divided by 364?
205
Calculate the remainder when 14016 is divided by 165.
156
Calculate the remainder when 26210 is divided by 3884.
2906
Calculate the remainder when 8345 is divided by 17.
15
Calculate the remainder when 13282 is divided by 809.
338
Calculate the remainder when 1310926 is divided by 1439.
1436
What is the remainder when 681684 is divided by 59?
57
What is the remainder when 17467 is divided by 793?
21
Calculate the remainder when 333122 is divided by 65.
62
Calculate the remainder when 651637 is divided by 134.
129
Calculate the remainder when 22670 is divided by 11.
10
What is the remainder when 43208 is divided by 10?
8
Calculate the remainder when 973 is divided by 200.
173
What is the remainder when 43781 is divided by 171?
5
Calculate the remainder when 13713 is divided by 924.
777
Calculate the remainder when 1663 is divided by 138.
7
Calculate the remainder when 56457 is divided by 319.
313
Calculate the remainder when 72332 is divided by 3286.
4